-2*n + 15 - 9 = 0. Suppose 3*d = 3*q - 1323, n*q - 1348 = -d - d. List the prime factors of q.
2, 223
Suppose 5*l + 3*d = -5, -2*d = 3*l - 4*d - 16. Let s = -14 - -18. Suppose -j - 7*w = -l*w - 71, -s*w = -3*j + 289. What are the prime factors of j?
7, 13
Let v(l) = -289*l**3 - 41*l**2 - 15*l - 32. What are the prime factors of v(-4)?
2, 3, 1489
Let j = -903 - -3072. Suppose 18*h - j - 17037 = 0. List the prime factors of h.
11, 97
Let m be (-60)/2*8/(-16). Suppose -27 = -2*i + m. Suppose -4*l + i = -l. List the prime factors of l.
7
Let z(l) = 179*l**2 + 360*l + 41. What are the prime factors of z(-18)?
11, 43, 109
Let h(y) = -y**3 + 18*y**2 - 65*y + 2. Let a be h(13). Suppose a*z - c - 322 = 0, 3*z + 2*c - 253 - 244 = 0. List the prime factors of z.
163
Let p(t) = 30*t**2 - 2*t - 6. Let n be p(-3). Suppose v = 0, 0 = l - 0*l - v - n. List the prime factors of l.
2, 3, 5
Let s(l) be the first derivative of 2*l**2 - 14*l + 17. Let k be s(4). Suppose -m + 313 = 3*r + 3*m, -4*m + 206 = k*r. What are the prime factors of r?
107
Let s = 2198 - -2584. What are the prime factors of s?
2, 3, 797
Suppose -30*g + 4154 = m - 35*g, 4*g = -5*m + 20828. List the prime factors of m.
2, 3, 347
Suppose 0 = 6*z - 93*p + 96*p - 167028, -2*p - 111376 = -4*z. List the prime factors of z.
11, 2531
Suppose 0 = 7*t + 12 + 233. Let m = t - -41. List the prime factors of 9*(0/(2 - 4) + m).
2, 3
Let z = 285 + -50. Suppose -z = -4*x - 3*t + 4*t, x - 2*t = 64. List the prime factors of x.
2, 29
Suppose -2*v - 5*a + 46560 = 0, -9*v + 4*a = -13*v + 93144. What are the prime factors of v?
2, 5, 17, 137
Suppose -3*r + 87222 = 4*y - 0*y, -28*y + 23*y = 0. What are the prime factors of r?
2, 14537
Let b = -2350 + 3590. Let d = b + -382. List the prime factors of d.
2, 3, 11, 13
Let j(h) = 20*h**2 + 87*h - 17. Let t(p) = 18*p**2 + 88*p - 19. Let s(u) = -4*j(u) + 5*t(u). List the prime factors of s(-16).
1061
Let m be (-2255)/(-10)*(-2)/(-1). Let c = 707 - m. List the prime factors of c.
2
List the prime factors of (-250)/((-99)/4026*(-3)/(-9)).
2, 5, 61
Suppose 65808 = 41*c - 15*c - 23450. What are the prime factors of c?
3433
Let i(q) = 2*q - 2. Let r be i(2). Suppose -r*d + 654 = 14*y - 18*y, y = -5*d + 1668. List the prime factors of d.
3, 37
Suppose 5*p - t - 37351 - 41788 = 0, 0 = 2*p + 3*t - 31659. What are the prime factors of p?
2, 3, 1319
Let t = 27359 + -16264. List the prime factors of t.
5, 7, 317
Suppose -5*q + 3*a = -31771 - 70054, 5*a = -2*q + 40730. What are the prime factors of q?
5, 4073
Let v(y) = -32*y + 17. Let z = 39 + -34. Let d be v(z). Let g = d + 200. What are the prime factors of g?
3, 19
Suppose 1079*v - 215226 = 538*v + 535*v. What are the prime factors of v?
3, 11, 1087
List the prime factors of 110427*(-29)/(1218/(-28)).
2, 36809
Suppose -2*u - 3*g + 111 = -0*g, 0 = -u + 3*g + 69. Let j = u + -71. Let d = 27 - j. List the prime factors of d.
2, 19
Let z be 6/2 - (15 - 8). Let w = z - -80. Suppose i = -15 + w. What are the prime factors of i?
61
Let j be (-2717)/33 - 8/(-6). Let r = 78 + j. List the prime factors of (-81)/r*(5 + -2).
3
Suppose 27*j = -2687 - 1849. Let s = 893 + j. List the prime factors of s.
5, 29
Let o be -4 + 10496/11 + (-4)/22. Suppose -20 = 5*m, -2*w = -0*m + 5*m - o. What are the prime factors of w?
5, 97
What are the prime factors of (-60024)/(36/6)*1782/(-216)?
3, 11, 41, 61
Let j = 92517 - 65990. List the prime factors of j.
41, 647
Suppose 21 - 15 = n. Let o be 3*(-1 - (-572)/n). Suppose 3*x - o - 29 = -5*k, 4*k = 0. List the prime factors of x.
2, 13
Let w(n) = 2*n - 2. Let c(q) = 86*q + 97. Let v(m) = -c(m) + 6*w(m). What are the prime factors of v(-6)?
5, 67
Suppose -15*u + 16*u - 2277 = -4*w, -2*w - 12 = 0. List the prime factors of u.
3, 13, 59
Let d = 36018 - 20705. List the prime factors of d.
15313
Suppose -37*z = -169*z + 345444. List the prime factors of z.
2617
Let x = -21000 - -36708. What are the prime factors of x?
2, 3, 7, 11, 17
Let g(i) = 2*i**3 - 7*i**2 + 5*i + 2. Let x be g(2). List the prime factors of (1 - 2) + 892 + x.
3, 11
Let s = 31 + 309. Suppose 13*h - 11*h + s = 2*z, 335 = 2*z + 3*h. List the prime factors of z.
13
Suppose -295*d = -320*d + 15936 + 11414. What are the prime factors of d?
2, 547
Let f = -4838 - -20415. What are the prime factors of f?
37, 421
Let b(l) = 37*l**2 + 6*l - 14. Let t be (16/(-24) + 1)/((-1)/12). List the prime factors of b(t).
2, 277
Suppose 3*t + 5*l = -95, -8 = -7*l + 3*l. What are the prime factors of 79/(7*(-1)/t)?
5, 79
Let c = -47155 - -123464. What are the prime factors of c?
137, 557
Suppose -k = -33 - 75. Let b = 293 - k. Let x = 274 - b. List the prime factors of x.
89
Suppose -10*s + 124793 + 28624 + 188013 = 0. What are the prime factors of s?
3, 19, 599
Suppose 6*f + 5*g - 455 = f, 4*f + 5*g = 360. List the prime factors of 38/f + (-1936)/(-10).
2, 97
Suppose 765 - 772 = -r. Suppose -r*a - 777 = -2268. What are the prime factors of a?
3, 71
Let x = 4841 - 3121. Let q = -1161 + x. List the prime factors of q.
13, 43
Let l(v) = -1074*v - 2398. What are the prime factors of l(-6)?
2, 7, 17
Let z be -2 - (2 + -3)*3. Let r(h) = -h**2 - 8*h - 12. Let o be r(-5). List the prime factors of (o - (-12)/4)/z.
2, 3
Let j = -11973 - -11975. Let h = 131 + -76. Suppose 159 = j*o + h. What are the prime factors of o?
2, 13
Suppose -17*y = -3*t - 15*y + 39261, 5*y - 39219 = -3*t. List the prime factors of t.
3, 7, 89
Let h = -23 - -7. Let b = h + 20. Suppose -125 - 199 = -5*d - b*g, d = -5*g + 69. List the prime factors of d.
2
Suppose -2*j + 4*v + 18177 - 841 = 0, 4*v + 34664 = 4*j. What are the prime factors of j?
2, 3, 19
Let a = 394 + -361. What are the prime factors of (a - 40) + 478 + 1?
2, 59
Let j = 14 + 29. Let k = j - 38. What are the prime factors of ((10/(-4))/k)/((-2)/584)?
2, 73
Let u(k) = 19*k**2 + 2*k - 68. What are the prime factors of u(9)?
1489
Let z = -1755 + 2499. Suppose 0 = 3*g + 81*k - 79*k - 21, -12 = -4*k. Suppose 0 = -4*b + 4*f + z, 0*b + 4*f = -g*b + 975. List the prime factors of b.
191
Suppose -2183*x + 2163*x = -78500. What are the prime factors of x?
5, 157
Let q be (0 - 94/(-3))*(42 + -30). Let f be 3*(-2 + (-105)/(-9)). Suppose -33*x + f*x = -q. What are the prime factors of x?
2, 47
Let i(v) be the third derivative of -17*v**4/24 + 293*v**3/6 - 3*v**2 - 2. What are the prime factors of i(0)?
293
Suppose 42*o - 32*o - 7*o - 39477 = 0. What are the prime factors of o?
13159
Let a = 3349 - 461. What are the prime factors of a?
2, 19
Let k(o) = 4*o + 43. Let b be k(-10). Suppose -7*n + b*n = -3*i + 19, n = -4*i + 19. What are the prime factors of (-6 - 7)*57*n/3?
13, 19
Let h = 4073 - 2723. List the prime factors of h.
2, 3, 5
Suppose 0 = 3*h + 8*h - 15*h. Suppose -2*o + 844 - 8 = h. List the prime factors of o.
2, 11, 19
Let z be 5*(-1)/(-10)*4. Suppose 0 = 56*h - 58*h. Suppose -5*s = -2*c - 105, h*s = -z*s - 2*c + 28. List the prime factors of s.
19
Let k be (-96)/84 - (-208264)/98. Let y be (5 + 1)*4/(-6). What are the prime factors of (-4)/10 - (k/15)/y?
5, 7
Let z be (-2)/(7/(3486/(-12))). Let v = 127 - z. List the prime factors of v.
2, 11
Let k = -324 + 683. Let z = k + -39. List the prime factors of z.
2, 5
Let q(i) = -4*i + 27. Let o be q(6). Suppose -164*h + o = -161*h. List the prime factors of -1*(-441)/3 + (-2)/h.
5, 29
Suppose -170 = 3*f + 5*u, 4*f + f = 3*u - 306. Let a = -35 - f. Suppose 80 = -21*h + a*h. What are the prime factors of h?
2, 5
Suppose 0 = -5*b + 3*p + 48969, 0 = -b + 2*p + 2771 + 7027. What are the prime factors of b?
2, 3, 17
Let g(o) = -12*o**2 + 1536*o + 17. What are the prime factors of g(115)?
17957
Let n = 11689 - 4909. What are the prime factors of n?
2, 3, 5, 113
Suppose 13 + 37 = 10*i. Suppose y - 3*z = -i, -2*y + 10 = -5*z + 3*z. What are the prime factors of y/35 - 2304/(-21)?
2, 5, 11
Suppose -77 = 96*n - 85*n. Let k(d) be the second derivative of d**5/20 + 2*d**4/3 - d**3/2 + d**2/2 + d. List the prime factors of k(n).
71
Suppose 0 = 51*c - 197*c + 12334306 - 4978826. What are the prime factors of c?
2, 5, 11, 229
Let w be (-1 - -3)/(4/(-22)). Let b(a) be the second derivative of -a**5/20 - 5*a**4/6 + 4*a**3/3 - 7*a**2/2 - 6*a + 58. What are the prime factors of b(w)?
2, 13
What are the prim